 Let q be x(-14). Calculate the highest common divisor of q and 210.
30
Let u be (225/(-10))/(7/(-126)). Calculate the highest common divisor of 60 and u.
15
Let f = -14 - -36. Suppose 0 = -3*h + 5*q + f, q + 9 = 5*h - 13. Calculate the highest common divisor of h and 28.
4
Let c(q) = 28*q + 298. Let b be c(-10). Let n be ((-4)/8)/(1/(-4)). Calculate the highest common factor of n and b.
2
Suppose 145*c - 725 = 140*c. Suppose 0*a + 3*a = 87. What is the highest common factor of a and c?
29
Let a(g) = 152*g - 16. Let s be a(3). Calculate the greatest common divisor of 44 and s.
44
Let u = 85 + -82. Suppose u = -x - 3*d, 5*x + 0*x - 4*d = 42. Calculate the highest common factor of 3 and x.
3
Suppose 156 = 23*m - 22*m. Calculate the highest common divisor of m and 234.
78
Suppose 0 = -5*w - 4*b + 898, -553 = -3*w + b - 4. What is the highest common factor of 14 and w?
14
Let x be ((-6)/(-21))/((-1)/(-203)). Let d = -18 + x. Calculate the highest common factor of 16 and d.
8
Let v = -1267 + 1301. Calculate the greatest common divisor of 170 and v.
34
Let n be 54*1*((-30)/(-5) + -5). What is the highest common divisor of n and 54?
54
Let w = -2658 + 2801. Let v = -6 + 10. Suppose 63 = 5*k - p, -5*k - 2*p = -v*p - 61. What is the greatest common divisor of k and w?
13
Suppose m + 12 - 43 = 0. Suppose 0 = -3*i + m - 10. What is the greatest common divisor of i and 77?
7
Suppose -5*l = 3*a - 68, 4*a + 2*l - 5*l = 139. Let k be (31/(-2))/(2/(-8)). Calculate the highest common factor of a and k.
31
Let i(c) = c**3 + 10*c**2 + 4*c - 13. Let y = -55 + 46. Let f be i(y). Calculate the greatest common divisor of f and 256.
32
Let x be (-3 - (1 - -70))/(-12 - -10). What is the greatest common factor of x and 185?
37
Suppose v + 2*v - 63 = 0. Suppose 4*f = -0*z + 5*z - 73, -z + 4*f = -v. What is the highest common factor of z and 65?
13
Let v = 93 + 18. Suppose -6*b = -v - 33. Calculate the greatest common divisor of 16 and b.
8
Let f(t) = -2*t - 15. Let s be f(5). Let k = s + 70. What is the greatest common factor of k and 30?
15
Let f = 696 + -654. Calculate the highest common factor of f and 98.
14
Let u be 1*(-18)/12*8/(-6). Suppose -u*w - 93 = -5*w. Suppose 2*b - 3*b = -124. What is the greatest common factor of b and w?
31
Suppose 2*c + 9*z - 5*z - 104 = 0, 5*z = -4*c + 202. Suppose -8*h + 4*h = -48. What is the highest common divisor of c and h?
12
Let r(h) = 2*h**3 - 5*h**2 + 2*h. Let s be r(3). Let q(j) = 2*j**2 + 3*j - 20. Let a = 78 + -73. Let y be q(a). What is the greatest common divisor of y and s?
15
Suppose -4*c = 4*m - 8, 0 + 4 = -c + 2*m. Suppose 0*r - 5*r + 20 = c. Calculate the highest common factor of r and 4.
4
Let q = 5 - 7. Let m = 0 - q. Suppose -5 = -2*a + 4*n + 17, -14 = -4*a + m*n. Calculate the greatest common factor of 1 and a.
1
Let n(s) = -s**2 - 2*s + 5. Let p be n(-6). Let g = -15 - p. Suppose -4*i + 41 = z - 17, -2*z - g = 0. What is the greatest common factor of i and 45?
15
Let w(s) = -16*s**2 - 4*s - 1. Let r be w(-2). Let o be r/6 - 9/(-6). Let h be o/(-6)*(15 - -3). Calculate the highest common factor of 8 and h.
8
Let s = 1 - 1. Suppose s*p - 15 = -2*r - 3*p, -22 = -3*r - 4*p. Let h(q) = 11*q - 13. Let b be h(5). What is the highest common divisor of r and b?
6
Suppose 2*s - 10 = 0, 2*v = 5*s + 2 - 13. What is the highest common divisor of 112 and v?
7
Suppose 7*p + 4 - 18 = 0. Let b be (17 - p) + (-14 - -17). What is the highest common divisor of b and 198?
18
Let r be (13 - -8) + (-2 - -6). What is the greatest common divisor of 1 and r?
1
Let h(a) = a**2 + 30*a + 209. Let k be h(-21). What is the greatest common divisor of k and 130?
10
Suppose 2*t - 7281 = t. Let j = 4710 - t. Let x be 6/(-27) - j/27. What is the greatest common factor of 19 and x?
19
Let k be 12 + 5/(60/1236). Let a be 4/(-6)*138/(-4). Calculate the greatest common divisor of k and a.
23
Suppose 2*w - 162 = -w. Let t be -30*12/(-70)*7. What is the greatest common factor of t and w?
18
Let t = 48 - 33. Let d(z) = -7*z**3 - 3*z**2 - 2*z - 3. Let j be d(-3). Calculate the highest common factor of j and t.
15
Let d(r) = -3*r + 4 + 5*r - 18 - r**3 - r**2 + 13*r**2. Let k be d(12). Calculate the highest common factor of k and 25.
5
Suppose 0 = -16*y + 706 + 622. Suppose 0 = 3*l - 146 + y. Suppose -5*s + s = -672. Calculate the highest common factor of s and l.
21
Suppose -16*g = g - 10557. Calculate the greatest common factor of 46 and g.
23
Suppose 10*r - 15*r = 3*v - 68, 14 = r + v. Calculate the greatest common factor of 429 and r.
13
Let b = 646 + -158. Suppose 6*f - 4*z + b = f, 0 = 2*f - z + 194. Let c be (-9)/(-6)*f/(-9). What is the highest common factor of c and 16?
16
Let o be 614*2/16 + 15/(-20). What is the highest common divisor of o and 988?
76
Let s(w) = 77*w**2 - 2*w. Let p be s(-2). Suppose 14*n + p = 17*n. What is the greatest common divisor of 13 and n?
13
Let u(l) = l**2 - 2*l + 15. Let t be u(0). Let r = 8 - t. Let g be (120/14)/(-5)*r. What is the greatest common divisor of g and 24?
12
Let m(g) = -3*g + 10*g**3 + 18*g + 12*g**2 - 11*g**3 - 5. Let t be m(11). Suppose 41 - t = -4*w. What is the highest common divisor of w and 20?
20
Let h(s) = -4*s**2 - 253*s - 21. Let c be h(-63). Calculate the greatest common factor of c and 2058.
42
Let a(v) = -11*v + 48. Let y be a(6). Let t be y/(-1)*(1 - 0). What is the highest common factor of 2 and t?
2
Suppose 0 = 140*y - 120*y - 1760. Calculate the highest common divisor of y and 308.
44
Let n(f) = -2*f**2 + 17*f + 5. Let l be (-9)/2*(-2 + 0). Let r be n(l). Let x be 81/15 + r/10. What is the greatest common factor of 55 and x?
5
Let k(g) = -34*g**3 + 2*g**2 - g - 2. Let l be k(-1). Let d = l + -26. Calculate the highest common divisor of d and 3.
3
Suppose -2*f + 235 = 5*w, w - 4*f = 31 - 6. Suppose 4*q + 0*q = -2*s + 38, 2*q + 11 = s. What is the highest common divisor of s and w?
15
Let t = -182 - -214. What is the highest common factor of t and 4?
4
Let s = -21 + 132. Suppose -528 = 109*z - s*z. Let o(f) = -12*f. Let u be o(-2). Calculate the greatest common divisor of z and u.
24
Suppose 4*f - 452 = 5*l, 3*l - 5*l = 8. What is the highest common factor of 48 and f?
12
Let y be (1/4 - (-108)/(-48)) + 12. Calculate the greatest common divisor of y and 4.
2
Let y be (8/(-8))/((-1)/3). Suppose 20 = x + y*z, 4*x - 2*z - 44 = -5*z. Calculate the highest common divisor of 24 and x.
8
Let c = 115 - -186. Calculate the greatest common factor of c and 43.
43
Let u be 120/4 - (-4 - 0 - -1). What is the greatest common factor of 77 and u?
11
Let i be 28/(-49) + 764/14. Let o(p) = p**3 - p**2 + 135. Let s be o(0). What is the highest common divisor of i and s?
27
Suppose -9*u + 1010 = 5*y - 14*u, 20 = 4*u. Calculate the greatest common divisor of 46 and y.
23
Let t = 0 + 2. Suppose 3*u = -4 - 2, 38 = t*r - 3*u. Let v = 3 - -37. What is the greatest common factor of v and r?
8
Let q be (1 + 237)/(2/2). Suppose a + 71 = h, 4*h + 3*a - q = 39. Suppose r + 0 = 2*b + 8, 0 = 2*r + 2*b - 22. What is the highest common factor of r and h?
10
Let k = 1172 + -1102. What is the greatest common factor of 14 and k?
14
Let g(j) = -15*j + 2. Let z be g(-2). Let o(q) = 7*q - 20. Let r(w) = -7*w + 18. Let i be r(2). Let a be o(i). Calculate the highest common divisor of z and a.
8
Let v be 1*(-2 - (-5 - -4)). Let m be 10/(-4)*(-1 + v). Suppose 4*r = -m*p - 6 + 25, 12 = 4*p. What is the greatest common divisor of r and 4?
1
Suppose -116 = -4*g - 19*j + 23*j, 8 = 2*j. Let u(n) = -54*n - 6. Let s be u(-5). Calculate the greatest common divisor of g and s.
33
Let f(i) = i**3 - 44*i**2 + 83*i + 75. Let x be f(42). What is the greatest common divisor of x and 1?
1
Suppose 33 = c + 2*c. Suppose 96*t = 940 + 3309 - 1081. Calculate the greatest common divisor of t and c.
11
Suppose -3*d = -5*d + 176. Suppose 0 = -3*v - 25 + d. Calculate the greatest common factor of v and 168.
21
Let d(a) = 3*a**3 - 4*a**2 + 3*a. Let y be d(3). Suppose -14 = -0*z - 2*z. Let q be 2/z - (-480)/84. What is the greatest common factor of q and y?
6
Suppose 0*j + 2*j = 8. Suppose 36 = 5*r + j*w, 0*w - 23 = -3*r - w. Calculate the greatest common divisor of 8 and r.
8
Let f be ((-80)/(-28))/((-122)/42 - -3). What is the highest common divisor